{"id":21,"date":"2024-02-27T18:51:54","date_gmt":"2024-02-27T18:51:54","guid":{"rendered":"https:\/\/gyakorol.moriczcloud.hu\/?page_id=21"},"modified":"2024-03-21T17:13:43","modified_gmt":"2024-03-21T17:13:43","slug":"fo-oldal","status":"publish","type":"page","link":"https:\/\/gyakorol.moriczcloud.hu\/","title":{"rendered":"Bemutatkoz\u00e1s"},"content":{"rendered":"\t\t<div data-elementor-type=\"wp-page\" data-elementor-id=\"21\" class=\"elementor elementor-21\">\n\t\t\t\t<div class=\"elementor-element elementor-element-4cdeb65 e-flex e-con-boxed e-con e-parent\" data-id=\"4cdeb65\" data-element_type=\"container\" data-settings=\"{&quot;background_background&quot;:&quot;classic&quot;,&quot;content_width&quot;:&quot;boxed&quot;}\" data-core-v316-plus=\"true\">\n\t\t\t\t\t<div class=\"e-con-inner\">\n\t\t\t\t<div class=\"elementor-element elementor-element-439e613 elementor-widget elementor-widget-heading\" data-id=\"439e613\" data-element_type=\"widget\" data-widget_type=\"heading.default\">\n\t\t\t\t<div class=\"elementor-widget-container\">\n\t\t\t<style>\/*! elementor - v3.19.0 - 26-02-2024 *\/\n.elementor-heading-title{padding:0;margin:0;line-height:1}.elementor-widget-heading .elementor-heading-title[class*=elementor-size-]>a{color:inherit;font-size:inherit;line-height:inherit}.elementor-widget-heading .elementor-heading-title.elementor-size-small{font-size:15px}.elementor-widget-heading .elementor-heading-title.elementor-size-medium{font-size:19px}.elementor-widget-heading .elementor-heading-title.elementor-size-large{font-size:29px}.elementor-widget-heading .elementor-heading-title.elementor-size-xl{font-size:39px}.elementor-widget-heading .elementor-heading-title.elementor-size-xxl{font-size:59px}<\/style><h2 class=\"elementor-heading-title elementor-size-default\">\u00dcdv\u00f6z\u00f6lj\u00fck a Nagyk\u00e1ll\u00f3i Reform\u00e1tus B\u00f6lcs\u00f6de honlapj\u00e1n!<br><br><\/h2>\t\t<\/div>\n\t\t\t\t<\/div>\n\t\t\t\t\t<\/div>\n\t\t\t\t<\/div>\n\t\t<div class=\"elementor-element elementor-element-8417351 e-flex e-con-boxed e-con e-parent\" data-id=\"8417351\" data-element_type=\"container\" data-settings=\"{&quot;content_width&quot;:&quot;boxed&quot;}\" data-core-v316-plus=\"true\">\n\t\t\t\t\t<div class=\"e-con-inner\">\n\t\t\t\t<div class=\"elementor-element elementor-element-f3e10e6 elementor-widget elementor-widget-image\" data-id=\"f3e10e6\" data-element_type=\"widget\" data-widget_type=\"image.default\">\n\t\t\t\t<div class=\"elementor-widget-container\">\n\t\t\t<style>\/*! elementor - v3.19.0 - 26-02-2024 *\/\n.elementor-widget-image{text-align:center}.elementor-widget-image a{display:inline-block}.elementor-widget-image a img[src$=\".svg\"]{width:48px}.elementor-widget-image img{vertical-align:middle;display:inline-block}<\/style>\t\t\t\t\t\t\t\t\t\t<img fetchpriority=\"high\" decoding=\"async\" width=\"600\" height=\"397\" src=\"https:\/\/gyakorol.moriczcloud.hu\/wp-content\/uploads\/2024\/02\/2da704c5-d265-4784-b756-03723d46d866.jpg\" class=\"attachment-large size-large wp-image-31\" alt=\"\" srcset=\"https:\/\/gyakorol.moriczcloud.hu\/wp-content\/uploads\/2024\/02\/2da704c5-d265-4784-b756-03723d46d866.jpg 600w, https:\/\/gyakorol.moriczcloud.hu\/wp-content\/uploads\/2024\/02\/2da704c5-d265-4784-b756-03723d46d866-300x199.jpg 300w\" sizes=\"(max-width: 600px) 100vw, 600px\" \/>\t\t\t\t\t\t\t\t\t\t\t\t\t<\/div>\n\t\t\t\t<\/div>\n\t\t\t\t\t<\/div>\n\t\t\t\t<\/div>\n\t\t<div class=\"elementor-element elementor-element-5e60fc9 e-flex e-con-boxed e-con e-parent\" data-id=\"5e60fc9\" data-element_type=\"container\" data-settings=\"{&quot;content_width&quot;:&quot;boxed&quot;}\" data-core-v316-plus=\"true\">\n\t\t\t\t\t<div class=\"e-con-inner\">\n\t\t\t\t<div class=\"elementor-element elementor-element-5535130 elementor-widget elementor-widget-text-editor\" data-id=\"5535130\" data-element_type=\"widget\" data-widget_type=\"text-editor.default\">\n\t\t\t\t<div class=\"elementor-widget-container\">\n\t\t\t<style>\/*! elementor - v3.19.0 - 26-02-2024 *\/\n.elementor-widget-text-editor.elementor-drop-cap-view-stacked .elementor-drop-cap{background-color:#69727d;color:#fff}.elementor-widget-text-editor.elementor-drop-cap-view-framed .elementor-drop-cap{color:#69727d;border:3px solid;background-color:transparent}.elementor-widget-text-editor:not(.elementor-drop-cap-view-default) .elementor-drop-cap{margin-top:8px}.elementor-widget-text-editor:not(.elementor-drop-cap-view-default) .elementor-drop-cap-letter{width:1em;height:1em}.elementor-widget-text-editor .elementor-drop-cap{float:left;text-align:center;line-height:1;font-size:50px}.elementor-widget-text-editor .elementor-drop-cap-letter{display:inline-block}<\/style>\t\t\t\t<p style=\"text-align: center;\">\u00dcdv\u00f6z\u00f6lj\u00fck \u00d6n\u00f6ket a Gyermekvil\u00e1g B\u00f6lcs\u0151d\u00e9ben!<\/p><p style=\"text-align: center;\">B\u00f6lcs\u0151d\u00e9nk egy olyan hely, ahol a legfontosabb \u00e9rt\u00e9k a gyermeki fejl\u0151d\u00e9s \u00e9s boldogul\u00e1s. C\u00e9lunk, hogy biztons\u00e1gos, szeretetteljes \u00e9s inspir\u00e1l\u00f3 k\u00f6rnyezetet teremts\u00fcnk az itt nevelked\u0151 kisgyermekek sz\u00e1m\u00e1ra.<\/p><p style=\"text-align: center;\">A Gyermekvil\u00e1g B\u00f6lcs\u0151de nem csup\u00e1n egy int\u00e9zm\u00e9ny, hanem egy olyan k\u00f6z\u00f6ss\u00e9g, ahol minden gyermek egyedi k\u00e9pess\u00e9geire \u00e9s ig\u00e9nyeire figyel\u00fcnk. Kiemelt fontoss\u00e1g\u00fa sz\u00e1munkra a gyermeki j\u00e1t\u00e9k \u00e9s kreativit\u00e1s fejleszt\u00e9se, melyeket szakk\u00e9pzett pedag\u00f3gusaink seg\u00edts\u00e9g\u00e9vel t\u00e1mogatunk \u00e9s \u00f6szt\u00f6n\u00f6z\u00fcnk.<\/p><p style=\"text-align: center;\">Az \u00e1ltalunk k\u00edn\u00e1lt programok soksz\u00edn\u0171s\u00e9ge lehet\u0151v\u00e9 teszi, hogy minden gyermek megtal\u00e1lja saj\u00e1t \u00fatj\u00e1t a felfedez\u00e9s \u00e9s tanul\u00e1s vil\u00e1g\u00e1ban. K\u00fcl\u00f6nleges figyelmet ford\u00edtunk az eg\u00e9szs\u00e9ges \u00e9letm\u00f3dra, az eg\u00e9szs\u00e9ges t\u00e1pl\u00e1lkoz\u00e1sra \u00e9s a mozg\u00e1s \u00f6r\u00f6m\u00e9re.<\/p><p style=\"text-align: center;\">A B\u00f6lcs\u0151de csapat\u00e1t olyan szakemberek alkotj\u00e1k, akik elk\u00f6telezettek az \u00f6nfejleszt\u00e9sben \u00e9s az \u00faj\u00edt\u00e1sokban. Mindannyian hisz\u00fcnk abban, hogy a gyermekeknek tiszteletteljes, meg\u00e9rt\u0151 \u00e9s \u00f6szt\u00f6nz\u0151 feln\u0151ttekre van sz\u00fcks\u00e9g\u00fck a harmonikus fejl\u0151d\u00e9shez.<\/p><p style=\"text-align: center;\">B\u00edzunk benne, hogy a Gyermekvil\u00e1g B\u00f6lcs\u0151de az \u00d6n\u00f6k sz\u00e1m\u00e1ra is otthonoss\u00e1got \u00e9s bizalmat sug\u00e1roz, \u00e9s hogy egy\u00fcttm\u0171k\u00f6d\u00e9s\u00fcnk r\u00e9v\u00e9n gyermekeik boldog \u00e9s sikeres j\u00f6v\u0151je szempontj\u00e1b\u00f3l fontos alapokat teremthet\u00fcnk.<\/p><p style=\"text-align: center;\">K\u00e9rj\u00fck, vegy\u00e9k fel vel\u00fcnk a kapcsolatot, ha b\u00e1rmilyen k\u00e9rd\u00e9s\u00fck vagy \u00e9szrev\u00e9tel\u00fck van. Mindig nyitottak vagyunk az egy\u00fcttm\u0171k\u00f6d\u00e9sre \u00e9s az \u00faj \u00f6tletek megfontol\u00e1s\u00e1ra.<\/p><p style=\"text-align: center;\">K\u00f6sz\u00f6nj\u00fck, hogy ell\u00e1togattak hozz\u00e1nk, \u00e9s rem\u00e9lj\u00fck, hogy hamarosan tal\u00e1lkozunk szem\u00e9lyesen!<\/p><p style=\"text-align: center;\">\u00dcdv\u00f6zlettel, Gyermekvil\u00e1g B\u00f6lcs\u0151de Csapata<\/p>\t\t\t\t\t\t<\/div>\n\t\t\t\t<\/div>\n\t\t\t\t\t<\/div>\n\t\t\t\t<\/div>\n\t\t<div class=\"elementor-element elementor-element-5d84000 e-flex e-con-boxed e-con e-parent\" data-id=\"5d84000\" data-element_type=\"container\" data-settings=\"{&quot;content_width&quot;:&quot;boxed&quot;}\" data-core-v316-plus=\"true\">\n\t\t\t\t\t<div class=\"e-con-inner\">\n\t\t\t\t<div class=\"elementor-element elementor-element-46c951f elementor-button-info elementor-widget elementor-widget-button\" data-id=\"46c951f\" data-element_type=\"widget\" data-widget_type=\"button.default\">\n\t\t\t\t<div class=\"elementor-widget-container\">\n\t\t\t\t\t<div class=\"elementor-button-wrapper\">\n\t\t\t<a class=\"elementor-button elementor-button-link elementor-size-sm\" href=\"https:\/\/gyakorol.moriczcloud.hu\/index.php\/idopont\/\">\n\t\t\t\t\t\t<span class=\"elementor-button-content-wrapper\">\n\t\t\t\t\t\t<span class=\"elementor-button-text\">Gyakorl\u00e1s<\/span>\n\t\t<\/span>\n\t\t\t\t\t<\/a>\n\t\t<\/div>\n\t\t\t\t<\/div>\n\t\t\t\t<\/div>\n\t\t\t\t\t<\/div>\n\t\t\t\t<\/div>\n\t\t\t\t<\/div>\n\t\t","protected":false},"excerpt":{"rendered":"<p>\u00dcdv\u00f6z\u00f6lj\u00fck a Nagyk\u00e1ll\u00f3i Reform\u00e1tus B\u00f6lcs\u00f6de honlapj\u00e1n! \u00dcdv\u00f6z\u00f6lj\u00fck \u00d6n\u00f6ket a Gyermekvil\u00e1g B\u00f6lcs\u0151d\u00e9ben! B\u00f6lcs\u0151d\u00e9nk egy olyan hely, ahol a legfontosabb \u00e9rt\u00e9k a gyermeki fejl\u0151d\u00e9s \u00e9s boldogul\u00e1s. C\u00e9lunk, hogy biztons\u00e1gos, szeretetteljes \u00e9s inspir\u00e1l\u00f3 k\u00f6rnyezetet teremts\u00fcnk az itt nevelked\u0151 kisgyermekek sz\u00e1m\u00e1ra. A Gyermekvil\u00e1g B\u00f6lcs\u0151de nem csup\u00e1n egy int\u00e9zm\u00e9ny, hanem egy olyan k\u00f6z\u00f6ss\u00e9g, ahol minden gyermek egyedi k\u00e9pess\u00e9geire \u00e9s ig\u00e9nyeire [&hellip;]<\/p>\n","protected":false},"author":1,"featured_media":0,"parent":0,"menu_order":0,"comment_status":"closed","ping_status":"closed","template":"","meta":{"footnotes":""},"class_list":["post-21","page","type-page","status-publish","hentry"],"_links":{"self":[{"href":"https:\/\/gyakorol.moriczcloud.hu\/index.php\/wp-json\/wp\/v2\/pages\/21","targetHints":{"allow":["GET"]}}],"collection":[{"href":"https:\/\/gyakorol.moriczcloud.hu\/index.php\/wp-json\/wp\/v2\/pages"}],"about":[{"href":"https:\/\/gyakorol.moriczcloud.hu\/index.php\/wp-json\/wp\/v2\/types\/page"}],"author":[{"embeddable":true,"href":"https:\/\/gyakorol.moriczcloud.hu\/index.php\/wp-json\/wp\/v2\/users\/1"}],"replies":[{"embeddable":true,"href":"https:\/\/gyakorol.moriczcloud.hu\/index.php\/wp-json\/wp\/v2\/comments?post=21"}],"version-history":[{"count":43,"href":"https:\/\/gyakorol.moriczcloud.hu\/index.php\/wp-json\/wp\/v2\/pages\/21\/revisions"}],"predecessor-version":[{"id":140,"href":"https:\/\/gyakorol.moriczcloud.hu\/index.php\/wp-json\/wp\/v2\/pages\/21\/revisions\/140"}],"wp:attachment":[{"href":"https:\/\/gyakorol.moriczcloud.hu\/index.php\/wp-json\/wp\/v2\/media?parent=21"}],"curies":[{"name":"wp","href":"https:\/\/api.w.org\/{rel}","templated":true}]}}